{"id":1086,"date":"2024-05-05T18:07:03","date_gmt":"2024-05-05T16:07:03","guid":{"rendered":"https:\/\/akskoeln.de\/?page_id=1086"},"modified":"2024-05-05T18:07:03","modified_gmt":"2024-05-05T16:07:03","slug":"so-machen-pausen-im-winter-am-meisten-spass","status":"publish","type":"page","link":"http:\/\/akskoeln.de\/?page_id=1086","title":{"rendered":"So machen Pausen im Winter am meisten Spa\u00df"},"content":{"rendered":"<p>Endlich konnten die Sch\u00fclerinnen und Sch\u00fcler der AKS einmal Schneem\u00e4nner und Schneefrauen in den Pausen bauen. Na, welche\/r ist am sch\u00f6nsten?<\/p>\n<!-- default-view.php -->\n<div\n\tclass=\"ngg-galleryoverview default-view \"\n\tid=\"ngg-gallery-1f3821455c5b16d80a05f1cd69aab761-1\">\n\n\t\t<!-- Thumbnails -->\n\t\t\t\t<div id=\"ngg-image-0\" class=\"ngg-gallery-thumbnail-box \" >\n\t\t\t\t        <div class=\"ngg-gallery-thumbnail\">\n            <a href=\"http:\/\/akskoeln.de\/wp-content\/gallery\/schneemaenner-24\/Schneemann1.jpg\"\n               title=\"\"\n               data-src=\"http:\/\/akskoeln.de\/wp-content\/gallery\/schneemaenner-24\/Schneemann1.jpg\"\n               data-thumbnail=\"http:\/\/akskoeln.de\/wp-content\/gallery\/schneemaenner-24\/thumbs\/thumbs_Schneemann1.jpg\"\n               data-image-id=\"63\"\n               data-title=\"Schneemann1\"\n               data-description=\"\"\n               data-image-slug=\"schneemann1\"\n               class=\"ngg-simplelightbox\" rel=\"1f3821455c5b16d80a05f1cd69aab761\">\n                <img\n                    title=\"Schneemann1\"\n                    alt=\"Schneemann1\"\n                    src=\"http:\/\/akskoeln.de\/wp-content\/gallery\/schneemaenner-24\/thumbs\/thumbs_Schneemann1.jpg\"\n                    width=\"240\"\n                    height=\"160\"\n                    style=\"max-width:100%;\"\n                \/>\n            <\/a>\n        <\/div>\n\t\t\t\t\t\t\t<\/div> \n\t\t\t\n\t\t\t\t<div id=\"ngg-image-1\" class=\"ngg-gallery-thumbnail-box \" >\n\t\t\t\t        <div class=\"ngg-gallery-thumbnail\">\n            <a href=\"http:\/\/akskoeln.de\/wp-content\/gallery\/schneemaenner-24\/Schneemann2.jpg\"\n               title=\"\"\n               data-src=\"http:\/\/akskoeln.de\/wp-content\/gallery\/schneemaenner-24\/Schneemann2.jpg\"\n               data-thumbnail=\"http:\/\/akskoeln.de\/wp-content\/gallery\/schneemaenner-24\/thumbs\/thumbs_Schneemann2.jpg\"\n               data-image-id=\"64\"\n               data-title=\"Schneemann2\"\n               data-description=\"\"\n               data-image-slug=\"schneemann2\"\n               class=\"ngg-simplelightbox\" rel=\"1f3821455c5b16d80a05f1cd69aab761\">\n                <img\n                    title=\"Schneemann2\"\n                    alt=\"Schneemann2\"\n                    src=\"http:\/\/akskoeln.de\/wp-content\/gallery\/schneemaenner-24\/thumbs\/thumbs_Schneemann2.jpg\"\n                    width=\"240\"\n                    height=\"160\"\n                    style=\"max-width:100%;\"\n                \/>\n            <\/a>\n        <\/div>\n\t\t\t\t\t\t\t<\/div> \n\t\t\t\n\t\t\t\t<div id=\"ngg-image-2\" class=\"ngg-gallery-thumbnail-box \" >\n\t\t\t\t        <div class=\"ngg-gallery-thumbnail\">\n            <a href=\"http:\/\/akskoeln.de\/wp-content\/gallery\/schneemaenner-24\/Schneemann4.jpg\"\n               title=\"\"\n               data-src=\"http:\/\/akskoeln.de\/wp-content\/gallery\/schneemaenner-24\/Schneemann4.jpg\"\n               data-thumbnail=\"http:\/\/akskoeln.de\/wp-content\/gallery\/schneemaenner-24\/thumbs\/thumbs_Schneemann4.jpg\"\n               data-image-id=\"65\"\n               data-title=\"Schneemann4\"\n               data-description=\"\"\n               data-image-slug=\"schneemann4\"\n               class=\"ngg-simplelightbox\" rel=\"1f3821455c5b16d80a05f1cd69aab761\">\n                <img\n                    title=\"Schneemann4\"\n                    alt=\"Schneemann4\"\n                    src=\"http:\/\/akskoeln.de\/wp-content\/gallery\/schneemaenner-24\/thumbs\/thumbs_Schneemann4.jpg\"\n                    width=\"240\"\n                    height=\"160\"\n                    style=\"max-width:100%;\"\n                \/>\n            <\/a>\n        <\/div>\n\t\t\t\t\t\t\t<\/div> \n\t\t\t\n\t\t\t\t<div id=\"ngg-image-3\" class=\"ngg-gallery-thumbnail-box \" >\n\t\t\t\t        <div class=\"ngg-gallery-thumbnail\">\n            <a href=\"http:\/\/akskoeln.de\/wp-content\/gallery\/schneemaenner-24\/Schneemann5.jpg\"\n               title=\"\"\n               data-src=\"http:\/\/akskoeln.de\/wp-content\/gallery\/schneemaenner-24\/Schneemann5.jpg\"\n               data-thumbnail=\"http:\/\/akskoeln.de\/wp-content\/gallery\/schneemaenner-24\/thumbs\/thumbs_Schneemann5.jpg\"\n               data-image-id=\"66\"\n               data-title=\"Schneemann5\"\n               data-description=\"\"\n               data-image-slug=\"schneemann5\"\n               class=\"ngg-simplelightbox\" rel=\"1f3821455c5b16d80a05f1cd69aab761\">\n                <img\n                    title=\"Schneemann5\"\n                    alt=\"Schneemann5\"\n                    src=\"http:\/\/akskoeln.de\/wp-content\/gallery\/schneemaenner-24\/thumbs\/thumbs_Schneemann5.jpg\"\n                    width=\"240\"\n                    height=\"160\"\n                    style=\"max-width:100%;\"\n                \/>\n            <\/a>\n        <\/div>\n\t\t\t\t\t\t\t<\/div> \n\t\t\t\n\t\t\t\t<div id=\"ngg-image-4\" class=\"ngg-gallery-thumbnail-box \" >\n\t\t\t\t        <div class=\"ngg-gallery-thumbnail\">\n            <a href=\"http:\/\/akskoeln.de\/wp-content\/gallery\/schneemaenner-24\/Schneemann3.jpg\"\n               title=\"\"\n               data-src=\"http:\/\/akskoeln.de\/wp-content\/gallery\/schneemaenner-24\/Schneemann3.jpg\"\n               data-thumbnail=\"http:\/\/akskoeln.de\/wp-content\/gallery\/schneemaenner-24\/thumbs\/thumbs_Schneemann3.jpg\"\n               data-image-id=\"67\"\n               data-title=\"Schneemann3\"\n               data-description=\"\"\n               data-image-slug=\"schneemann3\"\n               class=\"ngg-simplelightbox\" rel=\"1f3821455c5b16d80a05f1cd69aab761\">\n                <img\n                    title=\"Schneemann3\"\n                    alt=\"Schneemann3\"\n                    src=\"http:\/\/akskoeln.de\/wp-content\/gallery\/schneemaenner-24\/thumbs\/thumbs_Schneemann3.jpg\"\n                    width=\"240\"\n                    height=\"160\"\n                    style=\"max-width:100%;\"\n                \/>\n            <\/a>\n        <\/div>\n\t\t\t\t\t\t\t<\/div> \n\t\t\t\n\t\n\t<br style=\"clear: both\" \/>\n\n\t\n\t\t<!-- Pagination -->\n\t<div class='ngg-clear'><\/div>\t<\/div>\n\n","protected":false},"excerpt":{"rendered":"<p>Endlich konnten die Sch\u00fclerinnen und Sch\u00fcler der AKS einmal Schneem\u00e4nner und Schneefrauen in den Pausen bauen. Na, welche\/r ist am sch\u00f6nsten?<\/p>\n","protected":false},"author":1,"featured_media":0,"parent":0,"menu_order":0,"comment_status":"closed","ping_status":"closed","template":"","meta":{"ngg_post_thumbnail":0,"footnotes":""},"class_list":["post-1086","page","type-page","status-publish","hentry"],"_links":{"self":[{"href":"http:\/\/akskoeln.de\/index.php?rest_route=\/wp\/v2\/pages\/1086","targetHints":{"allow":["GET"]}}],"collection":[{"href":"http:\/\/akskoeln.de\/index.php?rest_route=\/wp\/v2\/pages"}],"about":[{"href":"http:\/\/akskoeln.de\/index.php?rest_route=\/wp\/v2\/types\/page"}],"author":[{"embeddable":true,"href":"http:\/\/akskoeln.de\/index.php?rest_route=\/wp\/v2\/users\/1"}],"replies":[{"embeddable":true,"href":"http:\/\/akskoeln.de\/index.php?rest_route=%2Fwp%2Fv2%2Fcomments&post=1086"}],"version-history":[{"count":1,"href":"http:\/\/akskoeln.de\/index.php?rest_route=\/wp\/v2\/pages\/1086\/revisions"}],"predecessor-version":[{"id":1087,"href":"http:\/\/akskoeln.de\/index.php?rest_route=\/wp\/v2\/pages\/1086\/revisions\/1087"}],"wp:attachment":[{"href":"http:\/\/akskoeln.de\/index.php?rest_route=%2Fwp%2Fv2%2Fmedia&parent=1086"}],"curies":[{"name":"wp","href":"https:\/\/api.w.org\/{rel}","templated":true}]}}