{"id":1570,"date":"2025-11-06T10:44:23","date_gmt":"2025-11-06T09:44:23","guid":{"rendered":"https:\/\/akskoeln.de\/?page_id=1570"},"modified":"2025-11-06T10:44:35","modified_gmt":"2025-11-06T09:44:35","slug":"abschlusswandertag-des-standorts-vietorstrasse","status":"publish","type":"page","link":"http:\/\/akskoeln.de\/?page_id=1570","title":{"rendered":"Abschlusswandertag des Standorts Vietorstra\u00dfe"},"content":{"rendered":"<p><img loading=\"lazy\" decoding=\"async\" class=\"alignnone size-full wp-image-1490\" src=\"http:\/\/akskoeln.de\/wp-content\/uploads\/2025\/07\/Wandertag-1-scaled.jpg\" alt=\"\" width=\"2261\" height=\"2560\" srcset=\"http:\/\/akskoeln.de\/wp-content\/uploads\/2025\/07\/Wandertag-1-scaled.jpg 2261w, http:\/\/akskoeln.de\/wp-content\/uploads\/2025\/07\/Wandertag-1-265x300.jpg 265w, http:\/\/akskoeln.de\/wp-content\/uploads\/2025\/07\/Wandertag-1-904x1024.jpg 904w, http:\/\/akskoeln.de\/wp-content\/uploads\/2025\/07\/Wandertag-1-768x870.jpg 768w, http:\/\/akskoeln.de\/wp-content\/uploads\/2025\/07\/Wandertag-1-1356x1536.jpg 1356w, http:\/\/akskoeln.de\/wp-content\/uploads\/2025\/07\/Wandertag-1-1809x2048.jpg 1809w\" sizes=\"auto, (max-width: 2261px) 100vw, 2261px\" \/><img loading=\"lazy\" decoding=\"async\" class=\" wp-image-1491 alignright\" src=\"http:\/\/akskoeln.de\/wp-content\/uploads\/2025\/07\/Wandertag-2-scaled.jpg\" alt=\"\" width=\"273\" height=\"364\" srcset=\"http:\/\/akskoeln.de\/wp-content\/uploads\/2025\/07\/Wandertag-2-scaled.jpg 1920w, http:\/\/akskoeln.de\/wp-content\/uploads\/2025\/07\/Wandertag-2-225x300.jpg 225w, http:\/\/akskoeln.de\/wp-content\/uploads\/2025\/07\/Wandertag-2-768x1024.jpg 768w, http:\/\/akskoeln.de\/wp-content\/uploads\/2025\/07\/Wandertag-2-1152x1536.jpg 1152w, http:\/\/akskoeln.de\/wp-content\/uploads\/2025\/07\/Wandertag-2-1536x2048.jpg 1536w\" sizes=\"auto, (max-width: 273px) 100vw, 273px\" \/>Mit einem unvergesslichen gemeinsamen Wandertag des Standorts Vietorstra\u00dfe zur <strong>Wassertretstelle K\u00f6nigsforst<\/strong> leiteten die Sch\u00fcler\/innen und Lehrer gemeinsam die bevorstehenden Sommerferien ein. Die kleine Wanderung mit Picknick im Wald und Abk\u00fchlung der F\u00fc\u00dfe (oder komplett) war f\u00fcr alle (Jg.6,7 und 8) ein sch\u00f6ner Abschluss vom Schuljahr 2024\/25.&nbsp;<\/p>\n<p>&nbsp;<\/p>\n<p>&nbsp;<\/p>\n<p>&nbsp;<\/p>\n<p>&nbsp;<\/p>\n","protected":false},"excerpt":{"rendered":"<p>Mit einem unvergesslichen gemeinsamen Wandertag des Standorts Vietorstra\u00dfe zur Wassertretstelle K\u00f6nigsforst leiteten die Sch\u00fcler\/innen und Lehrer gemeinsam die bevorstehenden Sommerferien ein. Die kleine Wanderung mit Picknick im Wald und Abk\u00fchlung der F\u00fc\u00dfe (oder komplett) war f\u00fcr alle (Jg.6,7 und 8) &hellip; <a href=\"http:\/\/akskoeln.de\/?page_id=1570\">Weiterlesen <span class=\"meta-nav\">&rarr;<\/span><\/a><\/p>\n","protected":false},"author":1,"featured_media":0,"parent":0,"menu_order":0,"comment_status":"closed","ping_status":"closed","template":"","meta":{"ngg_post_thumbnail":0,"footnotes":""},"class_list":["post-1570","page","type-page","status-publish","hentry"],"_links":{"self":[{"href":"http:\/\/akskoeln.de\/index.php?rest_route=\/wp\/v2\/pages\/1570","targetHints":{"allow":["GET"]}}],"collection":[{"href":"http:\/\/akskoeln.de\/index.php?rest_route=\/wp\/v2\/pages"}],"about":[{"href":"http:\/\/akskoeln.de\/index.php?rest_route=\/wp\/v2\/types\/page"}],"author":[{"embeddable":true,"href":"http:\/\/akskoeln.de\/index.php?rest_route=\/wp\/v2\/users\/1"}],"replies":[{"embeddable":true,"href":"http:\/\/akskoeln.de\/index.php?rest_route=%2Fwp%2Fv2%2Fcomments&post=1570"}],"version-history":[{"count":1,"href":"http:\/\/akskoeln.de\/index.php?rest_route=\/wp\/v2\/pages\/1570\/revisions"}],"predecessor-version":[{"id":1571,"href":"http:\/\/akskoeln.de\/index.php?rest_route=\/wp\/v2\/pages\/1570\/revisions\/1571"}],"wp:attachment":[{"href":"http:\/\/akskoeln.de\/index.php?rest_route=%2Fwp%2Fv2%2Fmedia&parent=1570"}],"curies":[{"name":"wp","href":"https:\/\/api.w.org\/{rel}","templated":true}]}}