{"id":881,"date":"2023-11-02T10:39:04","date_gmt":"2023-11-02T09:39:04","guid":{"rendered":"https:\/\/akskoeln.de\/?page_id=881"},"modified":"2023-11-02T10:39:04","modified_gmt":"2023-11-02T09:39:04","slug":"herr-ministerpraesident-wuest-und-frau-frier-zu-besuch","status":"publish","type":"page","link":"http:\/\/akskoeln.de\/?page_id=881","title":{"rendered":"Herr Ministerpr\u00e4sident W\u00fcst und Frau Frier zu Besuch"},"content":{"rendered":"<p>&nbsp;<\/p>\n<p><img loading=\"lazy\" decoding=\"async\" class=\"wp-image-702 alignleft\" src=\"http:\/\/akskoeln.de\/wp-content\/uploads\/2023\/08\/Foenig-scaled.jpg\" alt=\"\" width=\"301\" height=\"226\" srcset=\"http:\/\/akskoeln.de\/wp-content\/uploads\/2023\/08\/Foenig-scaled.jpg 2560w, http:\/\/akskoeln.de\/wp-content\/uploads\/2023\/08\/Foenig-300x225.jpg 300w, http:\/\/akskoeln.de\/wp-content\/uploads\/2023\/08\/Foenig-1024x768.jpg 1024w, http:\/\/akskoeln.de\/wp-content\/uploads\/2023\/08\/Foenig-768x576.jpg 768w, http:\/\/akskoeln.de\/wp-content\/uploads\/2023\/08\/Foenig-1536x1152.jpg 1536w, http:\/\/akskoeln.de\/wp-content\/uploads\/2023\/08\/Foenig-2048x1536.jpg 2048w\" sizes=\"auto, (max-width: 301px) 100vw, 301px\" \/><\/p>\n<p>Am Donnerstag, den 31. August, hatte die Adolph-Kolping-Schule besonderen Besuch. Herr <strong>Minis<\/strong><strong>terpr\u00e4sident W\u00fcst<\/strong> nahm an einer lebhaften Lesung mit der Schauspielerin und Lesebotschafterin der Stiftung LESEN <strong>Annette Frier<\/strong> (&#8222;Der F\u00f6nig&#8220;) in unserem Leseclub (SchillerAtur&#8220;) teil und unterhielt sich mit den Sch\u00fclerinnen und Sch\u00fclern \u00fcber aktuelle Jugendliteratur.<\/p>\n<p><img loading=\"lazy\" decoding=\"async\" class=\"alignnone wp-image-700\" src=\"http:\/\/akskoeln.de\/wp-content\/uploads\/2023\/08\/Annette-Friers-scaled-e1693481341570.jpg\" alt=\"\" width=\"597\" height=\"364\" srcset=\"http:\/\/akskoeln.de\/wp-content\/uploads\/2023\/08\/Annette-Friers-scaled-e1693481341570.jpg 2214w, http:\/\/akskoeln.de\/wp-content\/uploads\/2023\/08\/Annette-Friers-scaled-e1693481341570-300x183.jpg 300w, http:\/\/akskoeln.de\/wp-content\/uploads\/2023\/08\/Annette-Friers-scaled-e1693481341570-1024x625.jpg 1024w, http:\/\/akskoeln.de\/wp-content\/uploads\/2023\/08\/Annette-Friers-scaled-e1693481341570-768x469.jpg 768w, http:\/\/akskoeln.de\/wp-content\/uploads\/2023\/08\/Annette-Friers-scaled-e1693481341570-1536x938.jpg 1536w, http:\/\/akskoeln.de\/wp-content\/uploads\/2023\/08\/Annette-Friers-scaled-e1693481341570-2048x1251.jpg 2048w\" sizes=\"auto, (max-width: 597px) 100vw, 597px\" \/><\/p>\n<p><img loading=\"lazy\" decoding=\"async\" class=\"alignnone wp-image-707\" src=\"http:\/\/akskoeln.de\/wp-content\/uploads\/2023\/08\/Wuest-und-Friers-scaled-e1693480860519.jpg\" alt=\"\" width=\"210\" height=\"280\" srcset=\"http:\/\/akskoeln.de\/wp-content\/uploads\/2023\/08\/Wuest-und-Friers-scaled-e1693480860519.jpg 1920w, http:\/\/akskoeln.de\/wp-content\/uploads\/2023\/08\/Wuest-und-Friers-scaled-e1693480860519-225x300.jpg 225w, http:\/\/akskoeln.de\/wp-content\/uploads\/2023\/08\/Wuest-und-Friers-scaled-e1693480860519-768x1024.jpg 768w, http:\/\/akskoeln.de\/wp-content\/uploads\/2023\/08\/Wuest-und-Friers-scaled-e1693480860519-1152x1536.jpg 1152w, http:\/\/akskoeln.de\/wp-content\/uploads\/2023\/08\/Wuest-und-Friers-scaled-e1693480860519-1536x2048.jpg 1536w\" sizes=\"auto, (max-width: 210px) 100vw, 210px\" \/>&nbsp; &nbsp; &nbsp; &nbsp; &nbsp; &nbsp; &nbsp; &nbsp; &nbsp; &nbsp; &nbsp; &nbsp; &nbsp; &nbsp; &nbsp; &nbsp; &nbsp; &nbsp; &nbsp; &nbsp; &nbsp; &nbsp; &nbsp;<img loading=\"lazy\" decoding=\"async\" class=\"alignnone wp-image-699\" src=\"http:\/\/akskoeln.de\/wp-content\/uploads\/2023\/08\/A.-Friers-scaled-e1693481390347.jpg\" alt=\"\" width=\"210\" height=\"280\" srcset=\"http:\/\/akskoeln.de\/wp-content\/uploads\/2023\/08\/A.-Friers-scaled-e1693481390347.jpg 1920w, http:\/\/akskoeln.de\/wp-content\/uploads\/2023\/08\/A.-Friers-scaled-e1693481390347-225x300.jpg 225w, http:\/\/akskoeln.de\/wp-content\/uploads\/2023\/08\/A.-Friers-scaled-e1693481390347-768x1024.jpg 768w, http:\/\/akskoeln.de\/wp-content\/uploads\/2023\/08\/A.-Friers-scaled-e1693481390347-1152x1536.jpg 1152w, http:\/\/akskoeln.de\/wp-content\/uploads\/2023\/08\/A.-Friers-scaled-e1693481390347-1536x2048.jpg 1536w\" sizes=\"auto, (max-width: 210px) 100vw, 210px\" \/>&nbsp;<\/p>\n<p>Weiterhin nahm der Ministerpr\u00e4sident an der Vorstellung unserer <strong>Berufschancekurse<\/strong> in Zusammenarbeit mit&nbsp; <strong>Eigenart e.V.<\/strong> teil. Der Gesch\u00e4ftsf\u00fchrer <strong>Stephan Schwarzer <\/strong>stellte die Kooperation zwischen Ausbildungsbetrieben und der Adolph-Kolping-Schule vor. Hier berichteten die Sch\u00fclerinnen und Sch\u00fcler, welche Berufe sie bereits im Wahlpflichtunterricht mit einem Fachmann kennengelernt haben und ob sich daraus ein Berufsziel entwickelt hat. Herr W\u00fcst motivierte die Jugendlichen einen Ausbildungsberuf anzustreben und betonte die Wichtigkeit und hohe Wertigkeit der Handwerksberufe.<\/p>\n<p><img loading=\"lazy\" decoding=\"async\" class=\"alignnone wp-image-704\" src=\"http:\/\/akskoeln.de\/wp-content\/uploads\/2023\/08\/Treppenhaus-scaled-e1693481053235.jpg\" alt=\"\" width=\"276\" height=\"390\" srcset=\"http:\/\/akskoeln.de\/wp-content\/uploads\/2023\/08\/Treppenhaus-scaled-e1693481053235.jpg 1484w, http:\/\/akskoeln.de\/wp-content\/uploads\/2023\/08\/Treppenhaus-scaled-e1693481053235-212x300.jpg 212w, http:\/\/akskoeln.de\/wp-content\/uploads\/2023\/08\/Treppenhaus-scaled-e1693481053235-724x1024.jpg 724w, http:\/\/akskoeln.de\/wp-content\/uploads\/2023\/08\/Treppenhaus-scaled-e1693481053235-768x1086.jpg 768w, http:\/\/akskoeln.de\/wp-content\/uploads\/2023\/08\/Treppenhaus-scaled-e1693481053235-1086x1536.jpg 1086w, http:\/\/akskoeln.de\/wp-content\/uploads\/2023\/08\/Treppenhaus-scaled-e1693481053235-1448x2048.jpg 1448w\" sizes=\"auto, (max-width: 276px) 100vw, 276px\" \/> &nbsp;<img loading=\"lazy\" decoding=\"async\" class=\"alignnone wp-image-706\" src=\"http:\/\/akskoeln.de\/wp-content\/uploads\/2023\/08\/Wuest-im-Gespraech-scaled-e1693480919913.jpg\" alt=\"\" width=\"293\" height=\"390\" srcset=\"http:\/\/akskoeln.de\/wp-content\/uploads\/2023\/08\/Wuest-im-Gespraech-scaled-e1693480919913.jpg 1920w, http:\/\/akskoeln.de\/wp-content\/uploads\/2023\/08\/Wuest-im-Gespraech-scaled-e1693480919913-225x300.jpg 225w, http:\/\/akskoeln.de\/wp-content\/uploads\/2023\/08\/Wuest-im-Gespraech-scaled-e1693480919913-768x1024.jpg 768w, http:\/\/akskoeln.de\/wp-content\/uploads\/2023\/08\/Wuest-im-Gespraech-scaled-e1693480919913-1152x1536.jpg 1152w, http:\/\/akskoeln.de\/wp-content\/uploads\/2023\/08\/Wuest-im-Gespraech-scaled-e1693480919913-1536x2048.jpg 1536w\" sizes=\"auto, (max-width: 293px) 100vw, 293px\" \/>&nbsp;&nbsp;<img loading=\"lazy\" decoding=\"async\" class=\"alignnone wp-image-701\" src=\"http:\/\/akskoeln.de\/wp-content\/uploads\/2023\/08\/Eigenart-und-Wuest-scaled-e1693481308238.jpg\" alt=\"\" width=\"586\" height=\"341\" srcset=\"http:\/\/akskoeln.de\/wp-content\/uploads\/2023\/08\/Eigenart-und-Wuest-scaled-e1693481308238.jpg 2560w, http:\/\/akskoeln.de\/wp-content\/uploads\/2023\/08\/Eigenart-und-Wuest-scaled-e1693481308238-300x174.jpg 300w, http:\/\/akskoeln.de\/wp-content\/uploads\/2023\/08\/Eigenart-und-Wuest-scaled-e1693481308238-1024x596.jpg 1024w, http:\/\/akskoeln.de\/wp-content\/uploads\/2023\/08\/Eigenart-und-Wuest-scaled-e1693481308238-768x447.jpg 768w, http:\/\/akskoeln.de\/wp-content\/uploads\/2023\/08\/Eigenart-und-Wuest-scaled-e1693481308238-1536x893.jpg 1536w, http:\/\/akskoeln.de\/wp-content\/uploads\/2023\/08\/Eigenart-und-Wuest-scaled-e1693481308238-2048x1191.jpg 2048w\" sizes=\"auto, (max-width: 586px) 100vw, 586px\" \/>&nbsp;<\/p>\n<p>&nbsp;<\/p>\n","protected":false},"excerpt":{"rendered":"<p>&nbsp; Am Donnerstag, den 31. August, hatte die Adolph-Kolping-Schule besonderen Besuch. Herr Ministerpr\u00e4sident W\u00fcst nahm an einer lebhaften Lesung mit der Schauspielerin und Lesebotschafterin der Stiftung LESEN Annette Frier (&#8222;Der F\u00f6nig&#8220;) in unserem Leseclub (SchillerAtur&#8220;) teil und unterhielt sich mit &hellip; <a href=\"http:\/\/akskoeln.de\/?page_id=881\">Weiterlesen <span class=\"meta-nav\">&rarr;<\/span><\/a><\/p>\n","protected":false},"author":1,"featured_media":0,"parent":0,"menu_order":0,"comment_status":"closed","ping_status":"closed","template":"","meta":{"ngg_post_thumbnail":0,"footnotes":""},"class_list":["post-881","page","type-page","status-publish","hentry"],"_links":{"self":[{"href":"http:\/\/akskoeln.de\/index.php?rest_route=\/wp\/v2\/pages\/881","targetHints":{"allow":["GET"]}}],"collection":[{"href":"http:\/\/akskoeln.de\/index.php?rest_route=\/wp\/v2\/pages"}],"about":[{"href":"http:\/\/akskoeln.de\/index.php?rest_route=\/wp\/v2\/types\/page"}],"author":[{"embeddable":true,"href":"http:\/\/akskoeln.de\/index.php?rest_route=\/wp\/v2\/users\/1"}],"replies":[{"embeddable":true,"href":"http:\/\/akskoeln.de\/index.php?rest_route=%2Fwp%2Fv2%2Fcomments&post=881"}],"version-history":[{"count":1,"href":"http:\/\/akskoeln.de\/index.php?rest_route=\/wp\/v2\/pages\/881\/revisions"}],"predecessor-version":[{"id":882,"href":"http:\/\/akskoeln.de\/index.php?rest_route=\/wp\/v2\/pages\/881\/revisions\/882"}],"wp:attachment":[{"href":"http:\/\/akskoeln.de\/index.php?rest_route=%2Fwp%2Fv2%2Fmedia&parent=881"}],"curies":[{"name":"wp","href":"https:\/\/api.w.org\/{rel}","templated":true}]}}